{"id":682,"date":"2024-06-21T16:45:00","date_gmt":"2024-06-21T16:45:00","guid":{"rendered":"https:\/\/indolenguo.org\/?page_id=682"},"modified":"2024-07-02T18:41:46","modified_gmt":"2024-07-02T18:41:46","slug":"mision-2","status":"publish","type":"page","link":"https:\/\/indolenguo.org\/index.php\/mision-2\/","title":{"rendered":"Mision"},"content":{"rendered":"\t\t<div data-elementor-type=\"wp-page\" data-elementor-id=\"682\" class=\"elementor elementor-682\" data-elementor-post-type=\"page\">\n\t\t\t\t<div class=\"elementor-element elementor-element-7f5b17d e-flex e-con-boxed e-con e-parent\" data-id=\"7f5b17d\" data-element_type=\"container\" data-settings=\"{&quot;_ha_eqh_enable&quot;:false}\">\n\t\t\t\t\t<div class=\"e-con-inner\">\n\t\t\t\t\t<\/div>\n\t\t\t\t<\/div>\n\t\t<div class=\"elementor-element elementor-element-eaeecab e-con-full e-flex e-con e-parent\" data-id=\"eaeecab\" data-element_type=\"container\" data-settings=\"{&quot;_ha_eqh_enable&quot;:false}\">\n\t\t\t\t<div class=\"elementor-element elementor-element-1e9e8fe elementor-widget__width-initial elementor-widget elementor-widget-text-editor\" data-id=\"1e9e8fe\" data-element_type=\"widget\" data-widget_type=\"text-editor.default\">\n\t\t\t\t<div class=\"elementor-widget-container\">\n\t\t\t<style>\/*! elementor - v3.22.0 - 17-06-2024 *\/\n.elementor-widget-text-editor.elementor-drop-cap-view-stacked .elementor-drop-cap{background-color:#69727d;color:#fff}.elementor-widget-text-editor.elementor-drop-cap-view-framed .elementor-drop-cap{color:#69727d;border:3px solid;background-color:transparent}.elementor-widget-text-editor:not(.elementor-drop-cap-view-default) .elementor-drop-cap{margin-top:8px}.elementor-widget-text-editor:not(.elementor-drop-cap-view-default) .elementor-drop-cap-letter{width:1em;height:1em}.elementor-widget-text-editor .elementor-drop-cap{float:left;text-align:center;line-height:1;font-size:50px}.elementor-widget-text-editor .elementor-drop-cap-letter{display:inline-block}<\/style>\t\t\t\t<p style=\"font-size: 22px; font-style: normal; font-weight: 400; color: #ffffff;\"><span style=\"color: #fffefe; font-family: 'Goudy Bookletter 1911', sans-serif; font-size: 56px; text-align: center;\">Misi\u00f3n<\/span><\/p><p style=\"font-size: 22px; font-style: normal; font-weight: 400; color: #ffffff;\">Colaborar con el cumplimiento de los derechos ling\u00fc\u00edsticos de las personas hablantes de las lenguas ind\u00edgenas en M\u00e9xico, a trav\u00e9s de la puesta en marcha de proyectos sociales que contribuyen a la preservaci\u00f3n de sus lenguas y culturas, donde dichas acciones se vean reflejadas en una mejor calidad de vida para los hablantes de las lenguas originarias de nuestro pa\u00eds.&nbsp;<span style=\"font-style: inherit; font-weight: inherit; text-align: var(--text-align);\">Acciones que realizamos por medio de un grupo de ling\u00fcistas especializados a trav\u00e9s de la documentaci\u00f3n, investigaci\u00f3n, divulgaci\u00f3n y formaci\u00f3n de recursos humanos.<\/span><\/p>\t\t\t\t\t\t<\/div>\n\t\t\t\t<\/div>\n\t\t\t\t<\/div>\n\t\t<div class=\"elementor-element elementor-element-b81df4a e-con-full e-flex e-con e-parent\" data-id=\"b81df4a\" data-element_type=\"container\" data-settings=\"{&quot;_ha_eqh_enable&quot;:false}\">\n\t\t\t\t<div class=\"elementor-element elementor-element-f301e87 elementor-widget__width-initial elementor-widget elementor-widget-text-editor\" data-id=\"f301e87\" data-element_type=\"widget\" data-widget_type=\"text-editor.default\">\n\t\t\t\t<div class=\"elementor-widget-container\">\n\t\t\t\t\t\t\t<p><span style=\"color: #fffefe; font-family: 'Goudy Bookletter 1911', sans-serif; font-size: 56px; text-align: center;\">Visi\u00f3n<\/span><\/p><p style=\"text-align: left;\">Ser una asociaci\u00f3n que busque la documentaci\u00f3n e investigaci\u00f3n ling\u00fc\u00edstica con reconocimiento nacional e internacional por su calidad cient\u00edfica; altamente vinculado con las necesidades sociales y siendo punto de referencia en el dise\u00f1o y evaluaci\u00f3n de pol\u00edticas p\u00fablicas que mejoren la educaci\u00f3n ind\u00edgena en M\u00e9xico.<\/p>\t\t\t\t\t\t<\/div>\n\t\t\t\t<\/div>\n\t\t\t\t<\/div>\n\t\t\t\t<\/div>\n\t\t","protected":false},"excerpt":{"rendered":"<p>Misi\u00f3n Colaborar con el cumplimiento de los derechos ling\u00fc\u00edsticos de las personas hablantes de las lenguas ind\u00edgenas en M\u00e9xico, a trav\u00e9s de la puesta en marcha de proyectos sociales que contribuyen a la preservaci\u00f3n de sus lenguas y culturas, donde dichas acciones se vean reflejadas en una mejor calidad de vida para los hablantes de [&hellip;]<\/p>\n","protected":false},"author":1,"featured_media":0,"parent":0,"menu_order":0,"comment_status":"closed","ping_status":"closed","template":"","meta":{"_monsterinsights_skip_tracking":false,"_monsterinsights_sitenote_active":false,"_monsterinsights_sitenote_note":"","_monsterinsights_sitenote_category":0,"site-sidebar-layout":"no-sidebar","site-content-layout":"","ast-site-content-layout":"full-width-container","site-content-style":"default","site-sidebar-style":"default","ast-global-header-display":"","ast-banner-title-visibility":"","ast-main-header-display":"","ast-hfb-above-header-display":"","ast-hfb-below-header-display":"","ast-hfb-mobile-header-display":"","site-post-title":"disabled","ast-breadcrumbs-content":"","ast-featured-img":"disabled","footer-sml-layout":"","theme-transparent-header-meta":"","adv-header-id-meta":"","stick-header-meta":"","header-above-stick-meta":"","header-main-stick-meta":"","header-below-stick-meta":"","astra-migrate-meta-layouts":"default","ast-page-background-enabled":"default","ast-page-background-meta":{"desktop":{"background-color":"var(--ast-global-color-4)","background-image":"","background-repeat":"repeat","background-position":"center center","background-size":"auto","background-attachment":"scroll","background-type":"","background-media":"","overlay-type":"","overlay-color":"","overlay-gradient":""},"tablet":{"background-color":"","background-image":"","background-repeat":"repeat","background-position":"center center","background-size":"auto","background-attachment":"scroll","background-type":"","background-media":"","overlay-type":"","overlay-color":"","overlay-gradient":""},"mobile":{"background-color":"","background-image":"","background-repeat":"repeat","background-position":"center center","background-size":"auto","background-attachment":"scroll","background-type":"","background-media":"","overlay-type":"","overlay-color":"","overlay-gradient":""}},"ast-content-background-meta":{"desktop":{"background-color":"var(--ast-global-color-5)","background-image":"","background-repeat":"repeat","background-position":"center center","background-size":"auto","background-attachment":"scroll","background-type":"","background-media":"","overlay-type":"","overlay-color":"","overlay-gradient":""},"tablet":{"background-color":"var(--ast-global-color-5)","background-image":"","background-repeat":"repeat","background-position":"center center","background-size":"auto","background-attachment":"scroll","background-type":"","background-media":"","overlay-type":"","overlay-color":"","overlay-gradient":""},"mobile":{"background-color":"var(--ast-global-color-5)","background-image":"","background-repeat":"repeat","background-position":"center center","background-size":"auto","background-attachment":"scroll","background-type":"","background-media":"","overlay-type":"","overlay-color":"","overlay-gradient":""}},"footnotes":""},"_links":{"self":[{"href":"https:\/\/indolenguo.org\/index.php\/wp-json\/wp\/v2\/pages\/682"}],"collection":[{"href":"https:\/\/indolenguo.org\/index.php\/wp-json\/wp\/v2\/pages"}],"about":[{"href":"https:\/\/indolenguo.org\/index.php\/wp-json\/wp\/v2\/types\/page"}],"author":[{"embeddable":true,"href":"https:\/\/indolenguo.org\/index.php\/wp-json\/wp\/v2\/users\/1"}],"replies":[{"embeddable":true,"href":"https:\/\/indolenguo.org\/index.php\/wp-json\/wp\/v2\/comments?post=682"}],"version-history":[{"count":34,"href":"https:\/\/indolenguo.org\/index.php\/wp-json\/wp\/v2\/pages\/682\/revisions"}],"predecessor-version":[{"id":1077,"href":"https:\/\/indolenguo.org\/index.php\/wp-json\/wp\/v2\/pages\/682\/revisions\/1077"}],"wp:attachment":[{"href":"https:\/\/indolenguo.org\/index.php\/wp-json\/wp\/v2\/media?parent=682"}],"curies":[{"name":"wp","href":"https:\/\/api.w.org\/{rel}","templated":true}]}}